{"id":1845,"date":"2025-04-06T16:56:24","date_gmt":"2025-04-06T19:56:24","guid":{"rendered":"https:\/\/fcba.com.br\/fcba\/?page_id=1845"},"modified":"2025-04-06T17:49:47","modified_gmt":"2025-04-06T20:49:47","slug":"arbitros","status":"publish","type":"page","link":"https:\/\/fcba.com.br\/fcba\/arbitros\/","title":{"rendered":"\u00c1RBITROS"},"content":{"rendered":"\t\t<div data-elementor-type=\"wp-page\" data-elementor-id=\"1845\" class=\"elementor elementor-1845\">\n\t\t\t\t\t\t<section class=\"elementor-section elementor-top-section elementor-element elementor-element-ad39bf4 elementor-section-boxed elementor-section-height-default elementor-section-height-default\" data-id=\"ad39bf4\" data-element_type=\"section\">\n\t\t\t\t\t\t<div class=\"elementor-container elementor-column-gap-default\">\n\t\t\t\t\t<div class=\"elementor-column elementor-col-100 elementor-top-column elementor-element elementor-element-efd6fff\" data-id=\"efd6fff\" data-element_type=\"column\">\n\t\t\t<div class=\"elementor-widget-wrap elementor-element-populated\">\n\t\t\t\t\t\t<div class=\"elementor-element elementor-element-3e89f07 elementor-widget elementor-widget-spacer\" data-id=\"3e89f07\" data-element_type=\"widget\" data-widget_type=\"spacer.default\">\n\t\t\t\t<div class=\"elementor-widget-container\">\n\t\t\t\t\t\t\t<div class=\"elementor-spacer\">\n\t\t\t<div class=\"elementor-spacer-inner\"><\/div>\n\t\t<\/div>\n\t\t\t\t\t\t<\/div>\n\t\t\t\t<\/div>\n\t\t\t\t\t<\/div>\n\t\t<\/div>\n\t\t\t\t\t<\/div>\n\t\t<\/section>\n\t\t\t\t<section class=\"elementor-section elementor-top-section elementor-element elementor-element-20b002a elementor-section-boxed elementor-section-height-default elementor-section-height-default\" data-id=\"20b002a\" data-element_type=\"section\">\n\t\t\t\t\t\t<div class=\"elementor-container elementor-column-gap-default\">\n\t\t\t\t\t<div class=\"elementor-column elementor-col-100 elementor-top-column elementor-element elementor-element-9084040\" data-id=\"9084040\" data-element_type=\"column\">\n\t\t\t<div class=\"elementor-widget-wrap elementor-element-populated\">\n\t\t\t\t\t\t<div class=\"elementor-element elementor-element-73ae883 elementor-widget elementor-widget-image\" data-id=\"73ae883\" data-element_type=\"widget\" data-widget_type=\"image.default\">\n\t\t\t\t<div class=\"elementor-widget-container\">\n\t\t\t\t\t\t\t\t\t\t\t\t\t\t\t<img fetchpriority=\"high\" decoding=\"async\" width=\"236\" height=\"300\" src=\"https:\/\/fcba.com.br\/fcba\/wp-content\/uploads\/2021\/03\/MARCA-FCBA-Azul-site-1-236x300.jpg\" class=\"attachment-medium size-medium wp-image-145\" alt=\"\" srcset=\"https:\/\/fcba.com.br\/fcba\/wp-content\/uploads\/2021\/03\/MARCA-FCBA-Azul-site-1-236x300.jpg 236w, https:\/\/fcba.com.br\/fcba\/wp-content\/uploads\/2021\/03\/MARCA-FCBA-Azul-site-1.jpg 477w\" sizes=\"(max-width: 236px) 100vw, 236px\" \/>\t\t\t\t\t\t\t\t\t\t\t\t\t\t\t<\/div>\n\t\t\t\t<\/div>\n\t\t\t\t\t<\/div>\n\t\t<\/div>\n\t\t\t\t\t<\/div>\n\t\t<\/section>\n\t\t\t\t<section class=\"elementor-section elementor-top-section elementor-element elementor-element-a5ffb30 elementor-section-boxed elementor-section-height-default elementor-section-height-default\" data-id=\"a5ffb30\" data-element_type=\"section\">\n\t\t\t\t\t\t<div class=\"elementor-container elementor-column-gap-default\">\n\t\t\t\t\t<div class=\"elementor-column elementor-col-50 elementor-top-column elementor-element elementor-element-0c486b9\" data-id=\"0c486b9\" data-element_type=\"column\">\n\t\t\t<div class=\"elementor-widget-wrap elementor-element-populated\">\n\t\t\t\t\t\t<div class=\"elementor-element elementor-element-f34a243 elementor-widget__width-initial elementor-view-default elementor-widget elementor-widget-icon\" data-id=\"f34a243\" data-element_type=\"widget\" data-widget_type=\"icon.default\">\n\t\t\t\t<div class=\"elementor-widget-container\">\n\t\t\t\t\t\t\t<div class=\"elementor-icon-wrapper\">\n\t\t\t<div class=\"elementor-icon\">\n\t\t\t<i aria-hidden=\"true\" class=\"fas fa-stopwatch\"><\/i>\t\t\t<\/div>\n\t\t<\/div>\n\t\t\t\t\t\t<\/div>\n\t\t\t\t<\/div>\n\t\t\t\t\t<\/div>\n\t\t<\/div>\n\t\t\t\t<div class=\"elementor-column elementor-col-50 elementor-top-column elementor-element elementor-element-926eedd\" data-id=\"926eedd\" data-element_type=\"column\">\n\t\t\t<div class=\"elementor-widget-wrap elementor-element-populated\">\n\t\t\t\t\t\t<div class=\"elementor-element elementor-element-f7169fe elementor-widget elementor-widget-heading\" data-id=\"f7169fe\" data-element_type=\"widget\" data-widget_type=\"heading.default\">\n\t\t\t\t<div class=\"elementor-widget-container\">\n\t\t\t\t\t<h2 class=\"elementor-heading-title elementor-size-default\">\u00c1RBITROS FCBA<\/h2>\t\t\t\t<\/div>\n\t\t\t\t<\/div>\n\t\t\t\t<div class=\"elementor-element elementor-element-6327842 elementor-widget-divider--view-line elementor-widget elementor-widget-divider\" data-id=\"6327842\" data-element_type=\"widget\" data-widget_type=\"divider.default\">\n\t\t\t\t<div class=\"elementor-widget-container\">\n\t\t\t\t\t\t\t<div class=\"elementor-divider\">\n\t\t\t<span class=\"elementor-divider-separator\">\n\t\t\t\t\t\t<\/span>\n\t\t<\/div>\n\t\t\t\t\t\t<\/div>\n\t\t\t\t<\/div>\n\t\t\t\t\t<\/div>\n\t\t<\/div>\n\t\t\t\t\t<\/div>\n\t\t<\/section>\n\t\t\t\t<section class=\"elementor-section elementor-top-section elementor-element elementor-element-fc07d5e elementor-section-boxed elementor-section-height-default elementor-section-height-default\" data-id=\"fc07d5e\" data-element_type=\"section\">\n\t\t\t\t\t\t<div class=\"elementor-container elementor-column-gap-default\">\n\t\t\t\t\t<div class=\"elementor-column elementor-col-33 elementor-top-column elementor-element elementor-element-7e5fb8e\" data-id=\"7e5fb8e\" data-element_type=\"column\">\n\t\t\t<div class=\"elementor-widget-wrap elementor-element-populated\">\n\t\t\t\t\t\t<div class=\"elementor-element elementor-element-b7b243c elementor-widget__width-initial elementor-widget elementor-widget-text-editor\" data-id=\"b7b243c\" data-element_type=\"widget\" data-widget_type=\"text-editor.default\">\n\t\t\t\t<div class=\"elementor-widget-container\">\n\t\t\t\t\t\t\t\t\t<h1 style=\"text-align: center;\"><strong>Arbitragem\u00a0\u00a0<\/strong><\/h1><p style=\"text-align: justify;\">Os \u00e1rbitros da Federa\u00e7\u00e3o de Capoeira do Estado da Bahia (FCBA) s\u00e3o profissionais experientes e qualificados, respons\u00e1veis por garantir a seriedade, a \u00e9tica e o respeito aos fundamentos da capoeira em eventos e competi\u00e7\u00f5es. Com forma\u00e7\u00e3o t\u00e9cnica e profundo conhecimento da arte, eles atuam com imparcialidade e compromisso com a valoriza\u00e7\u00e3o cultural e esportiva da capoeira. Sua presen\u00e7a assegura a legitimidade dos campeonatos e contribui para a preserva\u00e7\u00e3o das tradi\u00e7\u00f5es e o incentivo a novos talentos<strong style=\"font-size: inherit;\">.<\/strong><\/p>\t\t\t\t\t\t\t\t<\/div>\n\t\t\t\t<\/div>\n\t\t\t\t\t<\/div>\n\t\t<\/div>\n\t\t\t\t<div class=\"elementor-column elementor-col-66 elementor-top-column elementor-element elementor-element-b04c08d\" data-id=\"b04c08d\" data-element_type=\"column\">\n\t\t\t<div class=\"elementor-widget-wrap elementor-element-populated\">\n\t\t\t\t\t\t<div class=\"elementor-element elementor-element-1fcf67d elementor-widget elementor-widget-image\" data-id=\"1fcf67d\" data-element_type=\"widget\" data-widget_type=\"image.default\">\n\t\t\t\t<div class=\"elementor-widget-container\">\n\t\t\t\t\t\t\t\t\t\t\t\t\t\t\t<img decoding=\"async\" width=\"750\" height=\"431\" src=\"https:\/\/fcba.com.br\/fcba\/wp-content\/uploads\/2025\/04\/Captura-de-tela-2025-04-06-172825-1024x589.png\" class=\"attachment-large size-large wp-image-1848\" alt=\"\" srcset=\"https:\/\/fcba.com.br\/fcba\/wp-content\/uploads\/2025\/04\/Captura-de-tela-2025-04-06-172825-1024x589.png 1024w, https:\/\/fcba.com.br\/fcba\/wp-content\/uploads\/2025\/04\/Captura-de-tela-2025-04-06-172825-300x173.png 300w, https:\/\/fcba.com.br\/fcba\/wp-content\/uploads\/2025\/04\/Captura-de-tela-2025-04-06-172825-768x442.png 768w, https:\/\/fcba.com.br\/fcba\/wp-content\/uploads\/2025\/04\/Captura-de-tela-2025-04-06-172825.png 1200w\" sizes=\"(max-width: 750px) 100vw, 750px\" \/>\t\t\t\t\t\t\t\t\t\t\t\t\t\t\t<\/div>\n\t\t\t\t<\/div>\n\t\t\t\t<div class=\"elementor-element elementor-element-8c8476c elementor-widget__width-initial elementor-widget elementor-widget-text-editor\" data-id=\"8c8476c\" data-element_type=\"widget\" data-widget_type=\"text-editor.default\">\n\t\t\t\t<div class=\"elementor-widget-container\">\n\t\t\t\t\t\t\t\t\t<p style=\"text-align: center;\">Mestre China\u00a0 \u00a0&#8211;\u00a0 Mestre Jegue &#8211;\u00a0 Mestra Sapeca &#8211;\u00a0 Mestre Coror\u00e3<br \/>Mestra Geisa &#8211;\u00a0 \u00a0Mestre Tosta &#8211;\u00a0 Contramestra Piu<br \/>Professor Irm\u00e3o Capoeira &#8211;\u00a0 Professor Aramis\u00a0<br \/>Instrutor B1 &#8211;\u00a0 Graduado Bicudo<\/p>\t\t\t\t\t\t\t\t<\/div>\n\t\t\t\t<\/div>\n\t\t\t\t\t<\/div>\n\t\t<\/div>\n\t\t\t\t\t<\/div>\n\t\t<\/section>\n\t\t\t\t<section class=\"elementor-section elementor-top-section elementor-element elementor-element-2d11895 elementor-section-boxed elementor-section-height-default elementor-section-height-default\" data-id=\"2d11895\" data-element_type=\"section\">\n\t\t\t\t\t\t<div class=\"elementor-container elementor-column-gap-default\">\n\t\t\t\t\t<div class=\"elementor-column elementor-col-100 elementor-top-column elementor-element elementor-element-2990ea8\" data-id=\"2990ea8\" data-element_type=\"column\">\n\t\t\t<div class=\"elementor-widget-wrap elementor-element-populated\">\n\t\t\t\t\t\t<div class=\"elementor-element elementor-element-b55da08 elementor-widget elementor-widget-spacer\" data-id=\"b55da08\" data-element_type=\"widget\" data-widget_type=\"spacer.default\">\n\t\t\t\t<div class=\"elementor-widget-container\">\n\t\t\t\t\t\t\t<div class=\"elementor-spacer\">\n\t\t\t<div class=\"elementor-spacer-inner\"><\/div>\n\t\t<\/div>\n\t\t\t\t\t\t<\/div>\n\t\t\t\t<\/div>\n\t\t\t\t\t<\/div>\n\t\t<\/div>\n\t\t\t\t\t<\/div>\n\t\t<\/section>\n\t\t\t\t<\/div>\n\t\t","protected":false},"excerpt":{"rendered":"<p>\u00c1RBITROS FCBA Arbitragem\u00a0\u00a0 Os \u00e1rbitros da Federa\u00e7\u00e3o de Capoeira do Estado da Bahia (FCBA) s\u00e3o profissionais experientes e qualificados, respons\u00e1veis por garantir a seriedade, a \u00e9tica e o respeito aos fundamentos da capoeira em eventos e competi\u00e7\u00f5es. Com forma\u00e7\u00e3o t\u00e9cnica e profundo conhecimento da arte, eles atuam com imparcialidade e [&hellip;]<\/p>\n","protected":false},"author":1,"featured_media":0,"parent":0,"menu_order":0,"comment_status":"closed","ping_status":"closed","template":"page-templates\/template-pagebuilder-full-width.php","meta":{"footnotes":""},"class_list":["post-1845","page","type-page","status-publish","hentry"],"_links":{"self":[{"href":"https:\/\/fcba.com.br\/fcba\/wp-json\/wp\/v2\/pages\/1845","targetHints":{"allow":["GET"]}}],"collection":[{"href":"https:\/\/fcba.com.br\/fcba\/wp-json\/wp\/v2\/pages"}],"about":[{"href":"https:\/\/fcba.com.br\/fcba\/wp-json\/wp\/v2\/types\/page"}],"author":[{"embeddable":true,"href":"https:\/\/fcba.com.br\/fcba\/wp-json\/wp\/v2\/users\/1"}],"replies":[{"embeddable":true,"href":"https:\/\/fcba.com.br\/fcba\/wp-json\/wp\/v2\/comments?post=1845"}],"version-history":[{"count":28,"href":"https:\/\/fcba.com.br\/fcba\/wp-json\/wp\/v2\/pages\/1845\/revisions"}],"predecessor-version":[{"id":1876,"href":"https:\/\/fcba.com.br\/fcba\/wp-json\/wp\/v2\/pages\/1845\/revisions\/1876"}],"wp:attachment":[{"href":"https:\/\/fcba.com.br\/fcba\/wp-json\/wp\/v2\/media?parent=1845"}],"curies":[{"name":"wp","href":"https:\/\/api.w.org\/{rel}","templated":true}]}}