{"id":131,"date":"2021-03-25T02:38:18","date_gmt":"2021-03-25T02:38:18","guid":{"rendered":"https:\/\/fcba.com.br\/fcba\/?page_id=131"},"modified":"2025-05-05T18:46:48","modified_gmt":"2025-05-05T21:46:48","slug":"filiacao-2","status":"publish","type":"page","link":"https:\/\/fcba.com.br\/fcba\/inicio\/documentos\/filiacao-2\/","title":{"rendered":"FILIA\u00c7\u00c3O"},"content":{"rendered":"\t\t<div data-elementor-type=\"wp-page\" data-elementor-id=\"131\" class=\"elementor elementor-131\">\n\t\t\t\t\t\t<section class=\"elementor-section elementor-top-section elementor-element elementor-element-7658f22 elementor-section-boxed elementor-section-height-default elementor-section-height-default\" data-id=\"7658f22\" data-element_type=\"section\">\n\t\t\t\t\t\t<div class=\"elementor-container elementor-column-gap-default\">\n\t\t\t\t\t<div class=\"elementor-column elementor-col-100 elementor-top-column elementor-element elementor-element-43e876a\" data-id=\"43e876a\" data-element_type=\"column\">\n\t\t\t<div class=\"elementor-widget-wrap elementor-element-populated\">\n\t\t\t\t\t\t<div class=\"elementor-element elementor-element-662a6c9 elementor-widget elementor-widget-spacer\" data-id=\"662a6c9\" data-element_type=\"widget\" data-widget_type=\"spacer.default\">\n\t\t\t\t<div class=\"elementor-widget-container\">\n\t\t\t\t\t\t\t<div class=\"elementor-spacer\">\n\t\t\t<div class=\"elementor-spacer-inner\"><\/div>\n\t\t<\/div>\n\t\t\t\t\t\t<\/div>\n\t\t\t\t<\/div>\n\t\t\t\t\t<\/div>\n\t\t<\/div>\n\t\t\t\t\t<\/div>\n\t\t<\/section>\n\t\t\t\t<section class=\"elementor-section elementor-top-section elementor-element elementor-element-403cbed elementor-section-boxed elementor-section-height-default elementor-section-height-default\" data-id=\"403cbed\" data-element_type=\"section\">\n\t\t\t\t\t\t<div class=\"elementor-container elementor-column-gap-default\">\n\t\t\t\t\t<div class=\"elementor-column elementor-col-100 elementor-top-column elementor-element elementor-element-a1d455d\" data-id=\"a1d455d\" data-element_type=\"column\">\n\t\t\t<div class=\"elementor-widget-wrap elementor-element-populated\">\n\t\t\t\t\t\t<div class=\"elementor-element elementor-element-862c24c elementor-widget elementor-widget-text-editor\" data-id=\"862c24c\" data-element_type=\"widget\" data-widget_type=\"text-editor.default\">\n\t\t\t\t<div class=\"elementor-widget-container\">\n\t\t\t\t\t\t\t\t\t<p><\/p><h3>\ud83d\udccc Processo de Filia\u00e7\u00e3o \u2013 Federa\u00e7\u00e3o de Capoeira da Bahia (FCBA)<\/h3><p>A FCBA informa que o processo de <strong>filia\u00e7\u00e3o est\u00e1 dispon\u00edvel<\/strong> para os seguintes perfis:<\/p><p>\ud83d\udd39 <strong>Docentes<\/strong><br \/>\ud83d\udd39 <strong>Institui\u00e7\u00f5es de Capoeira<\/strong><br \/>\ud83d\udd39 <strong>Atletas<\/strong><\/p><hr \/><h3>\u2705 Passo a passo para a filia\u00e7\u00e3o:<\/h3><p>1\ufe0f\u20e3 <strong>Acesse o formul\u00e1rio de inscri\u00e7\u00e3o conforme seu perfil:<\/strong><\/p><ul><li><p>\ud83d\udcda <strong>Docentes:<\/strong> <a href=\"https:\/\/docs.google.com\/forms\/...\">Formul\u00e1rio para Docentes<\/a><\/p><\/li><li><p>\ud83c\udfdb\ufe0f <strong>Institui\u00e7\u00f5es:<\/strong> <a href=\"https:\/\/drive.google.com\/drive\/u\/5\/folders\/1_SynoLyPUikNzV0TR62qlhVtjmN8Z7_d\">Formul\u00e1rio para Institui\u00e7\u00f5es<\/a><\/p><\/li><li><p>\ud83e\udd4b <strong>Atletas:<\/strong> <a href=\"https:\/\/fcba.com.br\/fcba\/doc-atleta\/\">Formul\u00e1rio para Atletas<\/a><\/p><\/li><\/ul><p>2\ufe0f\u20e3 <strong>Baixe o documento de filia\u00e7\u00e3o<\/strong> dispon\u00edvel no formul\u00e1rio.<br \/>3\ufe0f\u20e3 <strong>Preencha corretamente todas as informa\u00e7\u00f5es.<\/strong><br \/>4\ufe0f\u20e3 <strong>Digitalize o documento preenchido e assinado<\/strong> (em formato PDF ou foto leg\u00edvel).<br \/>5\ufe0f\u20e3 <strong>Anexe o arquivo no pr\u00f3prio formul\u00e1rio de inscri\u00e7\u00e3o.<\/strong><\/p><hr \/><h3>\ud83d\udce7 Caso n\u00e3o consiga anexar o documento:<\/h3><p>Envie para o e-mail: <strong><a href=\"mailto:atendimentofcbahia@gmail.com\">atendimentofcbahia@gmail.com<\/a><\/strong><br \/><strong>Assunto:<\/strong> <em>Filia\u00e7\u00e3o \u2013 Seu Nome Completo<\/em><\/p><p style=\"text-align: center;\"><\/p>\t\t\t\t\t\t\t\t<\/div>\n\t\t\t\t<\/div>\n\t\t\t\t\t<\/div>\n\t\t<\/div>\n\t\t\t\t\t<\/div>\n\t\t<\/section>\n\t\t\t\t<section class=\"elementor-section elementor-top-section elementor-element elementor-element-b36c435 elementor-section-boxed elementor-section-height-default elementor-section-height-default\" data-id=\"b36c435\" data-element_type=\"section\">\n\t\t\t\t\t\t<div class=\"elementor-container elementor-column-gap-default\">\n\t\t\t\t\t<div class=\"elementor-column elementor-col-100 elementor-top-column elementor-element elementor-element-ae3e5de\" data-id=\"ae3e5de\" data-element_type=\"column\">\n\t\t\t<div class=\"elementor-widget-wrap elementor-element-populated\">\n\t\t\t\t\t\t<div class=\"elementor-element elementor-element-bf3bedc elementor-widget elementor-widget-text-editor\" data-id=\"bf3bedc\" data-element_type=\"widget\" data-widget_type=\"text-editor.default\">\n\t\t\t\t<div class=\"elementor-widget-container\">\n\t\t\t\t\t\t\t\t\t<p>\ud83c\udf10 Os formul\u00e1rios tamb\u00e9m est\u00e3o dispon\u00edveis em\u00a0 <em>Servi\u00e7os Online<\/em>.<br \/><em><\/em><\/p>\t\t\t\t\t\t\t\t<\/div>\n\t\t\t\t<\/div>\n\t\t\t\t\t<\/div>\n\t\t<\/div>\n\t\t\t\t\t<\/div>\n\t\t<\/section>\n\t\t\t\t<section class=\"elementor-section elementor-top-section elementor-element elementor-element-1309479 elementor-section-boxed elementor-section-height-default elementor-section-height-default\" data-id=\"1309479\" data-element_type=\"section\">\n\t\t\t\t\t\t<div class=\"elementor-container elementor-column-gap-default\">\n\t\t\t\t\t<div class=\"elementor-column elementor-col-33 elementor-top-column elementor-element elementor-element-b914882\" data-id=\"b914882\" data-element_type=\"column\">\n\t\t\t<div class=\"elementor-widget-wrap elementor-element-populated\">\n\t\t\t\t\t\t<div class=\"elementor-element elementor-element-214de34 elementor-view-default elementor-widget elementor-widget-icon\" data-id=\"214de34\" data-element_type=\"widget\" data-widget_type=\"icon.default\">\n\t\t\t\t<div class=\"elementor-widget-container\">\n\t\t\t\t\t\t\t<div class=\"elementor-icon-wrapper\">\n\t\t\t<a class=\"elementor-icon\" href=\"https:\/\/sigecap.fcba.org.br\/\">\n\t\t\t<i aria-hidden=\"true\" class=\"fas fa-users\"><\/i>\t\t\t<\/a>\n\t\t<\/div>\n\t\t\t\t\t\t<\/div>\n\t\t\t\t<\/div>\n\t\t\t\t<div class=\"elementor-element elementor-element-0e4efbd elementor-widget elementor-widget-text-editor\" data-id=\"0e4efbd\" data-element_type=\"widget\" data-widget_type=\"text-editor.default\">\n\t\t\t\t<div class=\"elementor-widget-container\">\n\t\t\t\t\t\t\t\t\t<p style=\"text-align: center;\"><strong>SERVI\u00c7OS ONLINE<\/strong><\/p>\t\t\t\t\t\t\t\t<\/div>\n\t\t\t\t<\/div>\n\t\t\t\t\t<\/div>\n\t\t<\/div>\n\t\t\t\t<div class=\"elementor-column elementor-col-33 elementor-top-column elementor-element elementor-element-55a66dd\" data-id=\"55a66dd\" data-element_type=\"column\">\n\t\t\t<div class=\"elementor-widget-wrap\">\n\t\t\t\t\t\t\t<\/div>\n\t\t<\/div>\n\t\t\t\t<div class=\"elementor-column elementor-col-33 elementor-top-column elementor-element elementor-element-d25f821\" data-id=\"d25f821\" data-element_type=\"column\">\n\t\t\t<div class=\"elementor-widget-wrap\">\n\t\t\t\t\t\t\t<\/div>\n\t\t<\/div>\n\t\t\t\t\t<\/div>\n\t\t<\/section>\n\t\t\t\t<section class=\"elementor-section elementor-top-section elementor-element elementor-element-340aff8 elementor-section-boxed elementor-section-height-default elementor-section-height-default\" data-id=\"340aff8\" data-element_type=\"section\">\n\t\t\t\t\t\t<div class=\"elementor-container elementor-column-gap-default\">\n\t\t\t\t\t<div class=\"elementor-column elementor-col-100 elementor-top-column elementor-element elementor-element-ac3e577\" data-id=\"ac3e577\" data-element_type=\"column\">\n\t\t\t<div class=\"elementor-widget-wrap elementor-element-populated\">\n\t\t\t\t\t\t<div class=\"elementor-element elementor-element-60309d2 elementor-widget elementor-widget-spacer\" data-id=\"60309d2\" data-element_type=\"widget\" data-widget_type=\"spacer.default\">\n\t\t\t\t<div class=\"elementor-widget-container\">\n\t\t\t\t\t\t\t<div class=\"elementor-spacer\">\n\t\t\t<div class=\"elementor-spacer-inner\"><\/div>\n\t\t<\/div>\n\t\t\t\t\t\t<\/div>\n\t\t\t\t<\/div>\n\t\t\t\t\t<\/div>\n\t\t<\/div>\n\t\t\t\t\t<\/div>\n\t\t<\/section>\n\t\t\t\t<\/div>\n\t\t","protected":false},"excerpt":{"rendered":"<p>\ud83d\udccc Processo de Filia\u00e7\u00e3o \u2013 Federa\u00e7\u00e3o de Capoeira da Bahia (FCBA) A FCBA informa que o processo de filia\u00e7\u00e3o est\u00e1 dispon\u00edvel para os seguintes perfis: \ud83d\udd39 Docentes\ud83d\udd39 Institui\u00e7\u00f5es de Capoeira\ud83d\udd39 Atletas \u2705 Passo a passo para a filia\u00e7\u00e3o: 1\ufe0f\u20e3 Acesse o formul\u00e1rio de inscri\u00e7\u00e3o conforme seu perfil: \ud83d\udcda Docentes: Formul\u00e1rio [&hellip;]<\/p>\n","protected":false},"author":1,"featured_media":0,"parent":246,"menu_order":6,"comment_status":"closed","ping_status":"closed","template":"page-templates\/template-pagebuilder-full-width.php","meta":{"footnotes":""},"class_list":["post-131","page","type-page","status-publish","hentry"],"_links":{"self":[{"href":"https:\/\/fcba.com.br\/fcba\/wp-json\/wp\/v2\/pages\/131","targetHints":{"allow":["GET"]}}],"collection":[{"href":"https:\/\/fcba.com.br\/fcba\/wp-json\/wp\/v2\/pages"}],"about":[{"href":"https:\/\/fcba.com.br\/fcba\/wp-json\/wp\/v2\/types\/page"}],"author":[{"embeddable":true,"href":"https:\/\/fcba.com.br\/fcba\/wp-json\/wp\/v2\/users\/1"}],"replies":[{"embeddable":true,"href":"https:\/\/fcba.com.br\/fcba\/wp-json\/wp\/v2\/comments?post=131"}],"version-history":[{"count":132,"href":"https:\/\/fcba.com.br\/fcba\/wp-json\/wp\/v2\/pages\/131\/revisions"}],"predecessor-version":[{"id":2012,"href":"https:\/\/fcba.com.br\/fcba\/wp-json\/wp\/v2\/pages\/131\/revisions\/2012"}],"up":[{"embeddable":true,"href":"https:\/\/fcba.com.br\/fcba\/wp-json\/wp\/v2\/pages\/246"}],"wp:attachment":[{"href":"https:\/\/fcba.com.br\/fcba\/wp-json\/wp\/v2\/media?parent=131"}],"curies":[{"name":"wp","href":"https:\/\/api.w.org\/{rel}","templated":true}]}}